 is u(2)?
-3
Let q(z) = -z**3 + 2*z**2 - 4*z + 17. Let b be q(3). Let j(i) = -2*i**2 - 4*i + 5. Calculate j(b).
-11
Let u(s) = -s**2 + 2*s + 8. Suppose 71*w - 87*w = 0. Determine u(w).
8
Let d(t) = 2*t - 8*t - 3 - 2*t + 9*t. Suppose 2*r + z + 3 + 2 = 0, -5*r = -3*z + 29. Give d(r).
-7
Let z(t) = -20*t**3 + 15*t**2 + 26*t + 39. Let o(s) = -7*s**3 + 5*s**2 + 9*s + 13. Let a(c) = -17*o(c) + 6*z(c). Determine a(6).
-5
Let a(q) = 1 - 2*q + 0*q - 2. Let g(y) = 2*y**3 + y**2 + 4. Let h be g(2). Suppose 0 = -h*j + 20*j - 4. What is a(j)?
1
Let l(i) = 3*i**2 + 6*i + 3. Let d be l(-4). Let m = 27 - d. Let p(y) = -y**2 - 6*y + y + 4*y - 13. Calculate p(m).
-13
Let s(p) = -186 + 5*p + 185 - 6*p. Give s(-4).
3
Let v(l) = -l**3 + 13*l**2 + 28*l + 31. Let i be v(15). Let j(u) = -2*u**3 - u**2 + 2*u - 2. What is j(i)?
-3
Let s(d) = d + 1. Let o(b) = b**2 + 35*b + 296. Let a be o(-22). Give s(a).
11
Let m(o) be the second derivative of 21*o + 1/12*o**4 + 0 + 5*o**2 + 11/6*o**3. Determine m(-9).
-8
Let i(v) = 11*v - 12*v - 22 + 28. What is i(0)?
6
Let s(x) = -11*x - 20*x + 29*x - 7 - 4*x. Determine s(7).
-49
Let d = 6 + 0. Let s(a) = 65*a + 32. Let y(t) = -23*t - 11. Let f(m) = 6*s(m) + 17*y(m). Give f(d).
-1
Let r(w) = -1 + 844*w - 838*w - 10*w**2 - 15*w**2 + 24*w**2. Let b = -3 + 7. What is r(b)?
7
Let x(c) = -c + 7. Let a be x(-11). Suppose -r + 14 = a. Let j(q) be the second derivative of q**5/20 + 5*q**4/12 + q**3 + 2*q**2 + q. Calculate j(r).
-4
Let r(a) = -1503*a + a**3 - 7 + 0 + 1494*a + 7*a**2. Determine r(-8).
1
Let a = -33 - -35. Let i(p) = p**a + 1 + 0 - 8 - 4*p + 0. What is i(5)?
-2
Let z(o) = 3*o - 9. Let k(x) = -x + 3. Let p(s) = -17*k(s) - 6*z(s). Let u = 26 - 36. Let i = u + 12. Determine p(i).
1
Let v(x) = 41*x - 5*x**2 - 51*x - 4*x**2 + x**2 + 1 + x**2 + x**3. Give v(8).
-15
Let z be ((-2)/2)/(-16*(-2)/192). Let y(c) = c**3 + 7*c**2 + 3*c - 15. Give y(z).
3
Let i(z) = 9*z + 15*z - 32*z - 3 + 6*z - 5. Give i(-11).
14
Let f(o) be the second derivative of -o**5/20 - 5*o**4/12 - 2*o**2 - 3*o - 2. Give f(-5).
-4
Suppose -3*f - 9 = -6*f. Let n(k) = 4*k - 5*k + 2 + f. Let u be n(10). Let o(r) = -r**2 - r + 7. What is o(u)?
-13
Suppose 2*d + y = -1, -4*y - 16 = -0*d + 2*d. Suppose -3 = w - k, 11 = -d*w + 2*k + k. Let q(t) = t - 3*t + t. What is q(w)?
-2
Suppose -l + 3 = 2*l. Let g(n) be the third derivative of -n**6/120 + n**5/120 - n**3/6 - 8*n**2. Let z(d) be the first derivative of g(d). Determine z(l).
-2
Let q(l) = 7*l**2 + l - 3. Let w(c) = c**2 - 1. Let x(i) = -q(i) + 2*w(i). Suppose 4*h - 5*a - 4 = -a, -a - 11 = -3*h. Suppose 0 = -h*o + 5. Give x(o).
-5
Let w(m) = -6*m - 4. Suppose -22*p - 23*p - 135 = 0. Give w(p).
14
Let s(t) be the first derivative of 3*t**2/2 - 11*t - 48. Calculate s(3).
-2
Suppose -2*i = -q - 13 - 13, 2*q = 3*i - 39. Let r(x) = 3 + 8 - i + 10*x. Determine r(2).
18
Let x(w) = -2*w**2 + w + 1. Let p(h) = 7*h**2 - 3*h - 11. Let m(g) = -p(g) - 3*x(g). Determine m(6).
-28
Let i(d) = -2*d - 128*d**2 + 133*d**2 + d**3 + 8*d - 11 + 5. Calculate i(-3).
-6
Let f(p) = 15*p + 2. Suppose -10 - 4 = 7*d. Calculate f(d).
-28
Let b(f) = f**3 - 8*f**2 + 3*f - 8. Let w = 742 + -735. Determine b(w).
-36
Suppose 2*p = d + 3*d - 10, -2*d = 3*p - 1. Let s(z) = -d - 3*z + 6*z**2 - z**3 + 2*z**2 + 12*z. Let x be s(9). Let m(v) = -v**2. Give m(x).
-4
Let d(m) = -13*m - 18. Let r(q) = 15*q + 18. Let u(v) = -7*d(v) - 6*r(v). Give u(-11).
7
Let y(a) = -a**3 + 12*a**2 + 12*a + 11. Suppose 5*c = -15, -8*c + 4*c - 25 = -g. Give y(g).
-2
Let v(j) = -j**3 - 15*j**2 - 3*j - 22. Suppose -41*z = -132*z - 1365. What is v(z)?
23
Suppose -3*g - 4 = 11. Let d(m) = -22*m**2. Let h(l) = -l**2. Let p(r) = g*h(r) + d(r). Calculate p(1).
-17
Let y be 13/(156/8)*-3. Let n(p) = -4*p**2 - 2*p - 3. Determine n(y).
-15
Let r(k) = 19*k - 3. Suppose 0 = 97*l - 106*l + 18. Calculate r(l).
35
Let b(a) be the third derivative of -a**5/60 - a**4/3 + a**3/3 + 2*a**2. Let x(r) = 5*r**3 - 32*r**2 + 12*r - 6. Let o be x(6). Calculate b(o).
14
Suppose u + 0*u = 3*i - 8, 0 = -i + 4*u + 21. Let o be i/(16/(-6) - -3*1). Let z(b) = b**3 - 3*b**2 + 4*b + 1. Determine z(o).
13
Let z(b) = -b**3 + b**2 - b + 1. Let w(k) = -13 + k**3 + 19 + k**2 + 4*k + 3*k**2. Let p(u) = w(u) + 2*z(u). Determine p(6).
20
Let m(c) be the third derivative of c**7/2520 - c**6/360 - c**5/60 - 5*c**4/12 + 5*c**2. Let d(j) be the second derivative of m(j). What is d(4)?
6
Let n(t) = 3*t + 8. Let v(x) be the third derivative of -x**4/6 - 7*x**3/6 - 4*x**2. Let o(s) = -4*n(s) - 5*v(s). Calculate o(-2).
-13
Let m(d) = -d**2 + 4. Let p = -9 - -11. Suppose -f = -1, -11 = 2*q + f + p*f. Let j = 10 + q. Determine m(j).
-5
Suppose 12 = 3*z, z - 10 = 25*g - 22*g. Let o(h) be the second derivative of -h**5/10 + h**3/3 - h**2/2 + h. What is o(g)?
11
Let z(r) = 19*r**2 - 12*r**2 - 613 + 611. What is z(-2)?
26
Let t(s) = s**2. Suppose 5*m + 0*l - 3*l = 28, -5*l + 10 = 3*m. Suppose m*d - 10 = 10. Suppose 3*y = -d*r - 2*y - 11, 3*r - 4*y - 15 = 0. Give t(r).
1
Suppose 0 = p + g - 8, 4*g + 2 - 16 = -p. Let u(q) = -q**2 + 2*q + 3. Give u(p).
-21
Let d(n) = n**2 + 4*n - 6. Let t = 50 + -44. Suppose -4*j - t = -0*q - 2*q, 8 = -2*j. Give d(q).
-1
Suppose 0 = -3*s - 5*c + 2*c + 3, 4*s - c = 19. Let t(f) = -f**3 + 4*f**2 + f - 3. Give t(s).
1
Let g(p) be the first derivative of -p**4/4 + 8*p**3/3 + 5*p**2 - 6*p - 74. Calculate g(9).
3
Let w(c) = -2*c - 2. Let u = -10 - -3. Let a be (-2)/3 + (-352)/(-33). Let y = a + u. What is w(y)?
-8
Let a(c) = -c**3 - 2*c**2 - 4. Let s(l) = -5*l + 7. Let o(v) = -9*v + 47. Let i be o(5). Let n be s(i). Determine a(n).
5
Let s(w) be the first derivative of -w**4/4 - 17*w**3/3 + 9*w**2 + 3*w - 270. Give s(-18).
3
Let q(b) = 5*b**3 - 9*b**2 + 9*b + 3. Let x(o) = -9*o**3 + 17*o**2 - 16*o - 7. Let i(r) = 7*q(r) + 4*x(r). Give i(5).
-12
Let d(k) be the first derivative of -3*k**2/2 + 4*k - 489. What is d(-3)?
13
Let b = -3 + -2. Let y(c) = 3 + 4*c**2 - 15*c**3 - 4*c + 2*c**3 + 14*c**3. Calculate y(b).
-2
Suppose 17*g + 32 = 13*g. Let m(j) = j**3 + 7*j**2 - 6*j - 4. Determine m(g).
-20
Let t = 3 + -1. Let m(k) = k**2 + 1 - t*k - 3*k - 2. Let j = 11 - 6. Calculate m(j).
-1
Let u(b) = -b**2 + 1 - b**2 - 108490*b**3 - 4*b**2 + 108491*b**3 - 2*b. Give u(6).
-11
Let j(i) = i**2 + 3*i - 20. Let m(f) = -5*f + 26. Let l(y) = -4*j(y) - 3*m(y). Calculate l(-2).
-20
Let o(a) be the third derivative of -a**6/120 - a**5/20 + a**4/6 + a**3/2 + 43*a**2. Suppose g + 40 = 37. Determine o(g).
-9
Let m(l) = -31*l**3 + 42*l**2 - 5*l - 10. Let t(z) = 6*z**3 - z**2 + z + 1. Let d(o) = m(o) + 5*t(o). Give d(37).
-5
Let s(t) = t**2 - t - 4. Suppose -26 = -70*i + 68*i. Suppose 0 = 14*p - i*p - 3. Calculate s(p).
2
Let r(v) = -6*v - 1. Let c = 217 + -218. Calculate r(c).
5
Let d(r) = 6*r**2 + 2*r - 8*r**2 - 2*r**2 + 5*r**2 - 33. Give d(5).
2
Suppose -4*u + 0*c = c - 21, -3 = -3*c. Suppose -2*i + 1 + u = 0. Let r(q) = 1 + 25168584*q - 1 - 25168585*q. Calculate r(i).
-3
Let t(b) = b**3 + 8*b**2 + 5*b - 4. Suppose 4*u = 5*h - 44, u + 4*h - 3*h = -2. Determine t(u).
38
Suppose -25*s + 7*s - 108 = 0. Let b(v) = 2*v**2 + 5*v + 15. What is b(s)?
57
Let n(z) = -z**2 + 11*z + 12. Let t be n(12). Let y(o) = t*o + o + 4*o - 4*o. Let l(w) = w**3 - 2. Let h be l(0). Give y(h).
-2
Let i(u) be the third derivative of -4*u**2 - 4/3*u**3 + 0*u + 1/24*u**4 + 0. Determine i(6).
-2
Let x(f) be the second derivative of 1/60*f**5 + 1/6*f**3 - 2*f**2 + 7*f + 0 - 1/24*f**4. Let l(b) be the first derivative of x(b). Give l(0).
1
Let n(z) = -z**2 + 3*z + 3. Let g(b) be the first derivative of -b**2 - b - 21. Let w be g(-3). Give n(w).
-7
Suppose -2 + 20 = 2*a. Suppose 4*b + a = -3. Let z(u) = -u**3 - 2*u**2 - 2*u. Give z(b).
15
Let k(q) = q**3 + 7*q**2 + q - 3. Let s = -192 + 185. Calculate k(s).
-10
Let h(y) = y**2 - y + 1. Let f(q) = q**3 + 5*q**2 - 26*q - 13. Let v be f(-8). Let c be (-4)/(6/(-18)*v). Determine h(c).
13
Let v = -16259/30 - -542. Let l(x) be the third derivative of 0*x - 1/24*x**4 + 0 - 1/6*x**3 + 7*x**2 - v*x**5. What is l(-1)?
-2
Let s(h) = h - 2. Suppose 28*q = 3*q + 50. Give s(q).
0
Let m(j) = -5*j + j**2 - 5 - 2*j**2 - 2*j. Suppose -5*i - s = -95, -3*s - 41 - 35 = -4*i. Let q = i - 25. What is m(q)?
1
Let x(o) be the first deri